 prime factors of 847/7 - (k + 0)?
2, 31
Suppose -20 = -5*c - 0*c, 3*c + 3 = 5*w. Let m(b) = 45*b**2 - 19 + 10*b**w - 15*b - 23*b**2 - 8*b**3. What are the prime factors of m(-11)?
2, 73
Let d(h) be the second derivative of h**3/2 - 3*h**2/2 + 10*h. Let z be d(2). Suppose 3*p + 73 = n + 6*p, -259 = -z*n - p. List the prime factors of n.
2, 11
Let g = 10224 + -3207. List the prime factors of g.
3, 2339
Suppose -25 = -5*v + 5*w, 3*v - 11 = -v - 5*w. Suppose -14 + 26 = v*o. Suppose -o*b = -0 - 54. What are the prime factors of b?
2, 3
Suppose -24*y + 33904 + 191336 = 0. List the prime factors of y.
5, 1877
Let s(w) = 7*w**2 + 2*w - 6. Suppose 0 = -0*n + 3*n - 198. Let v = -70 + n. List the prime factors of s(v).
2, 7
Let y be (-14 - 72/8) + -9. Let k(m) = -23*m - 1. List the prime factors of k(y).
3, 5, 7
Suppose r = j - 35822 - 18650, 5*r + 108950 = 2*j. What are the prime factors of j?
2, 5, 13, 419
Suppose 5*z - 2*j = 97654, -4*z - 70*j + 65*j + 78143 = 0. What are the prime factors of z?
2, 19, 257
Let t = 12073 + -1827. List the prime factors of t.
2, 47, 109
Let l(m) = 4*m**3 - 4*m**2 - 8*m + 16. Let r be l(4). Suppose 0 = j + 2, -r + 550 = 4*x + j. List the prime factors of x.
2, 47
Let o(x) = -8*x - 2 - 10 + 3*x - 15*x. What are the prime factors of o(-16)?
2, 7, 11
What are the prime factors of (-400 + 1)*(14 + -4 - (164 + -15))?
3, 7, 19, 139
Let s(j) = -j**3 + 78*j + 29. List the prime factors of s(-13).
2, 3, 101
List the prime factors of (160533/(-18) - 8)*((-28)/12 - -1).
2, 11, 541
Suppose 0 = 34*j - 37*j - 768. Let l = 169 - j. List the prime factors of l.
5, 17
Let i(f) = 238*f**2 - 68*f + 295. List the prime factors of i(7).
3, 43, 89
Let y be 8*6/48 - -5. Suppose -y*n = -5*n - 420. List the prime factors of n.
2, 3, 5, 7
Suppose 2*x = -13*p + 9*p + 484, 0 = -5*x + 20. List the prime factors of p.
7, 17
Suppose 0 = -0*j - 2*j + 6, f = 2*j + 23. Suppose f*t = 5*t + 5088. What are the prime factors of t?
2, 53
Let d be 33/561 + 6378/(-51). Let j(l) = -2*l**2 - 3. Let g be j(-8). Let k = d - g. What are the prime factors of k?
2, 3
Let m(t) = -t**2 - 4*t - 2. Let n be m(-4). Let b = 3 - n. Suppose -o - 5*y + 123 = -b, -4*y + 127 = o. List the prime factors of o.
3, 41
Let g(c) = -52*c + 92. Let f = 158 - 169. List the prime factors of g(f).
2, 83
Let p(x) = x**2 + 159*x - 2528. List the prime factors of p(136).
2, 37, 127
Let m = 60615 + -4368. What are the prime factors of m?
3, 18749
Suppose 110 + 10 = 6*d. Suppose 5*w + d = -5*s, 4*w + 13 = -s - 0*w. List the prime factors of (-18)/s*(-14)/(-2).
2, 3, 7
Suppose 34*o - 7866 = -12*o. Suppose 0 = -3*a - 3, 5*c - 29 = -5*a + o. What are the prime factors of c?
41
Let d(x) = 39*x**3 - x**2 + 4*x - 2. Suppose 0 = -5*a - 26 + 31. What are the prime factors of d(a)?
2, 5
Suppose -z + 3 = 5. Let v be (6/(-4) - z) + (-2049)/6. Let t = -110 - v. What are the prime factors of t?
3, 7, 11
Let b be ((-18)/(-30) + 471/15)*7. Let g = b - -518. What are the prime factors of g?
2, 7, 53
Suppose 0 = -2*k - t + 2665, 6*t = -k + 2*t + 1315. Suppose -3*p = o - 797, -4*p + k = p + 3*o. What are the prime factors of p/(-9)*(-3)/2?
2, 11
Let d(u) = 26*u**3 - 31*u**2 - 37*u + 5. List the prime factors of d(9).
5, 11, 293
Suppose 0 = 11*d - 16*d. Suppose -2*q - 2*f + 12 = d, 12 = 5*q + 3*f - 16. Suppose 3*o + 35 = u, 0*u - u - q*o - 5 = 0. What are the prime factors of u?
2, 5
Let c(y) = -19 + 0*y + 0*y - 6*y. Let i be c(-6). Suppose 2*h + 4*s - 163 = -i, -389 = -5*h - 2*s. What are the prime factors of h?
79
Let b(j) = 79*j**2 - 6*j - 35. Let m be b(7). Suppose -z + 1902 = 2*x, -z = 4*x - 4*z - m. List the prime factors of x.
2, 5, 19
Suppose -56*h + 914734 + 306794 = 0. What are the prime factors of h?
3, 11, 661
Let v(s) = -198*s + 3673. What are the prime factors of v(-28)?
13, 709
Suppose -133 = -5*j - 1543. List the prime factors of 5/((6/j)/(-1)).
5, 47
Let o(r) = -6*r**3 - 7*r**2 - 5*r - 6. Let x = -15 - -10. List the prime factors of o(x).
2, 3, 11
Let a be 213 + -212 - (-1235)/(2/2). Let i = a - 743. List the prime factors of i.
17, 29
Let x = 30416 + -26882. What are the prime factors of x?
2, 3, 19, 31
Let u(v) be the first derivative of 39 + 6*v - 21/2*v**2. What are the prime factors of u(-1)?
3
Suppose -2*c = 3*j - 85, 2*j + 4*c - 55 = c. Suppose 43 = 3*u + 3*f + 148, u + j = f. What are the prime factors of u/(-6)*30/1?
2, 5
List the prime factors of (-10)/30 + (-8)/((-168)/16093).
2, 383
Suppose -3*l + 6*l - 162 = 0. Suppose 0 = 9*o + 775 + 1076 - 8871. Suppose 50*y - l*y = -o. List the prime factors of y.
3, 5, 13
Let p(q) = -11*q - 87. Let h be p(-34). Suppose -h = 8*w - 1511. List the prime factors of w.
3, 17
Suppose -u - 5*n = u - 90, 4*u - 4*n = 208. Let f = 50 - u. List the prime factors of -7 + 4 + f - (-412)/2.
7, 29
Let a = -16 - -18. Suppose -3*l - 789 = -3*o, a*l = o - 186 - 72. List the prime factors of o.
2, 67
Suppose 3*m + 85 = -2*m. Let h = m + 25. What are the prime factors of (-11 + h)*(-2)/6*62?
2, 31
Let t = -277 - -289. List the prime factors of 2/(2/287) - t/(-6).
17
Suppose 0 = -5*a + 4 + 6. Suppose -66 - 74 = -a*i. What are the prime factors of i?
2, 5, 7
List the prime factors of 7*-2*14130/(-120)*(-250)/(-15).
5, 7, 157
Suppose -46*r + 737 = 18447. Let u = -256 - r. List the prime factors of u.
3, 43
Let r be (-44)/(-6)*(-3 + -2 - -11). Let m = r - 74. Let z = -2 - m. What are the prime factors of z?
2, 7
Suppose -5*d = u - 60637, -24268 = 41*d - 43*d + 4*u. List the prime factors of d.
2, 379
Let w(x) be the second derivative of 11*x**4/12 + x**3 - 2*x**2 - 43*x. List the prime factors of w(-3).
7, 11
Let s(a) = 2*a**3 - 44*a**2 - 33*a - 66. List the prime factors of s(26).
2, 19, 59
Let n be ((-17)/2)/(17/(-68)). Suppose -6*q = 74 + n. What are the prime factors of q/12*(-2 + -136) + -4?
7, 29
Let u be (-5)/(-2)*2*728/(-10). What are the prime factors of (8 - u/(-16))/(1/(-12))?
3, 59
Let f = 512 - 515. List the prime factors of (12/16)/(f/(-2652)).
3, 13, 17
Let c = 2419 + -652. Let m = c + -1233. What are the prime factors of m?
2, 3, 89
Suppose -2*b - 398 = 4*k + 122, 0 = 5*b + k + 1336. Let s = -93 - b. What are the prime factors of s?
5, 7
Suppose 4*c = 2*u + 39414, -4*c - u + 29713 = -9704. List the prime factors of c.
2, 13, 379
Suppose 4*x = -2*a + 804, -4*a = -0*a. Suppose 5*v + 6*p = 7*p + 929, v - 4*p - x = 0. List the prime factors of v.
5, 37
Suppose -12*l + 14*l = 2. Let q be 324/(-45) - l/(-5). Let k(j) = -2*j**2 - 18*j - 4. What are the prime factors of k(q)?
2, 3
Suppose -8002*a + 1114947 = -7988*a + 387297. What are the prime factors of a?
3, 5, 7, 11
Suppose 2*n + 4*i + 5 = -n, 4 = -2*i. Suppose n + 14 = 3*t. Suppose 0 = -2*l + t*j + 159, -3*j = 4*l - 0*l - 279. List the prime factors of l.
2, 3
Let u be ((-1)/(-4))/(2/1816). Let f(c) = -4*c - 8. Let a be f(-8). What are the prime factors of u/4 + (-18)/a?
2, 7
Let r(b) = 6*b**2 - 9*b - 21. Let f(j) = -7*j**2 + 10*j + 22. Let w(h) = 2*f(h) + 3*r(h). List the prime factors of w(-10).
11, 41
Let m = -507 + 269. Let y be 2 + 14/(-63) + m/(-18). List the prime factors of -17 + y + 1 + 46.
3, 5
Let n = -43 + 189. Let y = 274 - n. Suppose 7*d = 558 + y. List the prime factors of d.
2, 7
Let p = 5 + -5. Let o(r) = 18*r + 532. What are the prime factors of o(p)?
2, 7, 19
Suppose j - 8*j = 0. Let f(o) = o**3 - o**2 + o + 16. Let v be f(j). List the prime factors of (-150)/5*v/(-10).
2, 3
Let o = -4176 - -4149. Let n(s) be the first derivative of -s**4/4 - 28*s**3/3 - 31*s**2/2 - 10*s + 2. List the prime factors of n(o).
2, 7
Suppose -2*f - 8 = 4*i, -2*i - 4 = -6*f + 9*f. Let j(r) = -107*r - 10. What are the prime factors of j(i)?
2, 3, 17
Let r(c) = -c**3 - 17*c**2 + 41*c + 61. Let q be r(-19). Suppose -1918 = -q*t + 2*t. What are the prime factors of t?
7, 137
Let w(f) be the second derivative of 55*f**4/8 - f**3/3 - 7*f**2 - 10*f. Let c(g) be the first derivative of w(g). What are the prime factors of c(1)?
163
Suppose 0 = 773*u - 785*u + 69276. List the prime factors of u.
23, 251
Suppose -5*a + 5 = 0, -12 = -b + 4*a + 5. Let w = -6 + b. Let o = 114 + w. List the prime factors of o.
3, 43
Let u = 80984 + -54139. What are the prime factors of u?
5, 7, 13, 59
Suppose -g + 2*g + 90 = 0. Let l be